8?
True
Is 2298 a multiple of 16?
False
Does 3 divide 3825?
True
Is 372 a multiple of 15?
False
Is 399 a multiple of 31?
False
Does 25 divide 80828?
False
Does 13 divide 665?
False
Is 1326 a multiple of 3?
True
Is 19 a factor of 228?
True
Is 28 a factor of 24108?
True
Is 1062 a multiple of 18?
True
Is 22491 a multiple of 3?
True
Does 7 divide 2373?
True
Is 12535 a multiple of 5?
True
Is 5 a factor of 3022?
False
Does 3 divide 95?
False
Does 81 divide 5103?
True
Is 11 a factor of 376?
False
Is 33819 a multiple of 99?
False
Is 2930 a multiple of 16?
False
Is 305 a multiple of 44?
False
Is 87913 a multiple of 7?
True
Does 22 divide 1364?
True
Is 31 a factor of 5921?
True
Does 22 divide 1188?
True
Is 3936 a multiple of 41?
True
Is 8694 a multiple of 18?
True
Is 810 a multiple of 27?
True
Does 4 divide 1605?
False
Is 10 a factor of 10?
True
Is 34521 a multiple of 138?
False
Is 36157 a multiple of 17?
False
Is 6 a factor of 299?
False
Does 26 divide 84663?
False
Does 13 divide 1809?
False
Is 70 a factor of 14545?
False
Is 44583 a multiple of 21?
True
Does 17 divide 5233?
False
Does 70 divide 6860?
True
Is 2052 a multiple of 88?
False
Is 564 a multiple of 47?
True
Does 14 divide 8294?
False
Is 18278 a multiple of 74?
True
Does 143 divide 131989?
True
Is 14 a factor of 4149?
False
Is 79 a factor of 5293?
True
Does 16 divide 1120?
True
Is 27 a factor of 1971?
True
Does 18 divide 522?
True
Is 5940 a multiple of 20?
True
Is 11 a factor of 17281?
True
Is 6 a factor of 54?
True
Is 21 a factor of 42481?
False
Is 5916 a multiple of 116?
True
Is 63 a factor of 5355?
True
Is 1676 a multiple of 34?
False
Does 11 divide 4024?
False
Is 60 a multiple of 30?
True
Is 59 a factor of 4292?
False
Is 4 a factor of 244?
True
Is 286 a multiple of 24?
False
Is 11 a factor of 303?
False
Is 482 a multiple of 12?
False
Is 25175 a multiple of 118?
False
Is 849 a multiple of 34?
False
Does 18 divide 1548?
True
Does 65 divide 260?
True
Is 1615 a multiple of 95?
True
Is 226 a factor of 17176?
True
Is 273 a multiple of 37?
False
Is 21559 a multiple of 41?
False
Is 13 a factor of 25025?
True
Does 217 divide 36239?
True
Is 17860 a multiple of 19?
True
Is 32668 a multiple of 60?
False
Is 9 a factor of 593?
False
Is 2438 a multiple of 23?
True
Is 6838 a multiple of 26?
True
Is 67 a factor of 119216?
False
Is 1500 a multiple of 150?
True
Is 39 a factor of 4407?
True
Is 37 a factor of 37592?
True
Is 522 a multiple of 14?
False
Does 27 divide 117072?
True
Does 8 divide 2144?
True
Is 19522 a multiple of 118?
False
Is 2828 a multiple of 72?
False
Does 22 divide 220?
True
Does 7 divide 387?
False
Does 27 divide 4374?
True
Does 114 divide 24396?
True
Is 100 a factor of 38445?
False
Is 1184 a multiple of 32?
True
Does 34 divide 11458?
True
Is 35 a factor of 441?
False
Is 10 a factor of 95?
False
Is 432 a multiple of 4?
True
Is 10 a factor of 2150?
True
Is 30 a factor of 17850?
True
Is 1575 a multiple of 7?
True
Does 95 divide 802?
False
Is 1668 a multiple of 6?
True
Is 4 a factor of 1004?
True
Is 63 a factor of 937?
False
Is 19889 a multiple of 11?
False
Is 4 a factor of 553?
False
Is 60984 a multiple of 36?
True
Does 65 divide 455?
True
Does 132 divide 3644?
False
Is 21 a factor of 3906?
True
Does 37 divide 793?
False
Is 252 a multiple of 2?
True
Is 12358 a multiple of 40?
False
Is 386 a multiple of 13?
False
Is 91310 a multiple of 426?
False
Is 11 a factor of 313?
False
Is 8295 a multiple of 87?
False
Is 91 a factor of 133770?
True
Is 9520 a multiple of 11?
False
Is 79 a factor of 4681?
False
Is 24 a factor of 1968?
True
Does 10 divide 11017?
False
Does 89 divide 26484?
False
Does 7 divide 521?
False
Is 9493 a multiple of 155?
False
Does 18 divide 998?
False
Is 18 a factor of 1819?
False
Is 230 a factor of 12963?
False
Does 23 divide 1210?
False
Is 140 a multiple of 35?
True
Is 44 a factor of 3520?
True
Is 12 a factor of 17328?
True
Is 99 a factor of 53832?
False
Does 172 divide 4128?
True
Is 5 a factor of 35923?
False
Is 232 a factor of 16240?
True
Is 163 a multiple of 4?
False
Is 32 a factor of 3818?
False
Is 2800 a multiple of 80?
True
Is 4335 a multiple of 17?
True
Is 13285 a multiple of 126?
False
Is 1044 a multiple of 87?
True
Is 7038 a multiple of 230?
False
Is 1027 a multiple of 20?
False
Does 13 divide 30882?
False
Is 4240 a multiple of 16?
True
Does 32 divide 824?
False
Does 74 divide 10878?
True
Does 93 divide 22506?
True
Does 11 divide 105104?
False
Is 3987 a multiple of 9?
True
Is 25 a factor of 17752?
False
Is 1787 a multiple of 81?
False
Is 19 a factor of 35834?
True
Is 2 a factor of 889?
False
Does 9 divide 5276?
False
Is 4634 a multiple of 7?
True
Is 13 a factor of 72183?
False
Is 276 a multiple of 12?
True
Is 16 a factor of 47382?
False
Does 8 divide 11736?
True
Is 279 a multiple of 9?
True
Does 158 divide 6636?
True
Is 8 a factor of 864?
True
Does 45 divide 981?
False
Is 170 a multiple of 10?
True
Is 12 a factor of 1196?
False
Does 5 divide 9880?
True
Is 15387 a multiple of 4?
False
Does 21 divide 294?
True
Is 241 a multiple of 14?
False
Does 93 divide 25158?
False
Does 42 divide 9576?
True
Does 28 divide 21308?
True
Is 347 a multiple of 57?
False
Is 189 a multiple of 7?
True
Does 37 divide 22044?
False
Does 10 divide 9213?
False
Is 12159 a multiple of 21?
True
Is 14 a factor of 3180?
False
Is 11164 a multiple of 118?
False
Is 1975 a multiple of 7?
False
Is 957 a multiple of 88?
False
Is 3 a factor of 3405?
True
Is 2916 a multiple of 9?
True
Is 36 a factor of 3267?
False
Is 130 a factor of 20121?
False
Is 125 a factor of 40750?
True
Does 88 divide 2092?
False
Is 1224 a multiple of 17?
True
Does 3 divide 894?
True
Is 31515 a multiple of 33?
True
Is 45 a multiple of 5?
True
Is 241 a factor of 44483?
False
Does 213 divide 7983?
False
Is 10 a factor of 5500?
True
Is 2168 a multiple of 15?
False
Is 6 a factor of 45852?
True
Is 527 even?
False
Is 776 a multiple of 8?
True
Does 24 divide 26376?
True
Does 3 divide 282?
True
Does 11 divide 53?
False
Is 7950 a multiple of 75?
True
Does 9 divide 9338?
False
Does 50 divide 3601?
False
Is 21 a factor of 49392?
True
Is 5 a factor of 120?
True
Does 98 divide 58780?
False
Does 9 divide 194?
False
Is 449 a multiple of 49?
False
Does 26 divide 2946?
False
Is 26213 a multiple of 11?
True
Is 450 a multiple of 15?
True
Does 20 divide 1760?
True
Is 35 a factor of 1407?
False
Is 9 a factor of 5615?
False
Is 215 a factor of 31326?
False
Does 37 divide 7437?
True
Is 2 a factor of 1180?
True
Is 7 a factor of 161?
True
Is 950 a multiple of 25?
True
Is 15 a factor of 38955?
True
Is 7857 a multiple of 55?
False
Does 3 divide 11239?
False
Is 14 a factor of 163635?
False
Is 4285 a multiple of 17?
False
Is 800 a multiple of 32?
True
Is 21488 a multiple of 17?
True
Is 6092 a multiple of 25?
False
Does 15 divide 1650?
True
Is 2064 a multiple of 16?
True
Does 14 divide 114242?
False
Is 111 a factor of 35519?
False
Is 14644 a multiple of 14?
True
Does 153 divide 8109?
True
Does 87 divide 73048?
False
Is 26 a factor of 3222?
False
Is 21 a factor of 6149?
False
Does 96 divide 96?
True
Is 256 a factor of 33017?
False
Is 39 a factor of 10257?
True
Is 76 a factor of 9044?
True
Is 10 a factor of 1687?
False
Does 10 divide 132?
False
Is 741 a multiple of 10?
False
Does 12 divide 300?
True
Is 5 a factor of 1695?
True
Does 128 divide 1915?
False
Is 5737 a multiple of 21?
False
Does 180 divide 43380?
True
Is 208 a factor of 16224?
True
Does 19 divide 48203?
True
Is 299 a multiple of 23?
True
Is 16 a factor of 1312?
True
Does 21 divide 126?
True
Is 321 a factor of 52002?
True
Is 25912 a multiple of 316?
True
Is 3159 a multiple of 8?
False
Is 4 a factor of 971?
False
Does 40 divide 179?
False
Is 35 a factor of 17990?
True
Is 40153 a multiple of 14?
False
Does 85 divide 5695?
True
Is 7623 a multiple of 11?
True
Is 58 a factor of 63800?
True
Is 5467 a multiple of 77?
True
Is 616 a multiple of 3?
False
Does 98 divide 5292?
True
Is 3553 a multiple of 11?
True
Is 19803 a multiple of 161?
True
Is 13 a factor of 29133?
True
Does 11 divide 7469?
True
Is 93 a multiple of 22?
False
Is 30 a factor of 12300?
True
Does 24 divide 13584?
True
Does 134 divide 210?
False
Is 133 a factor of 133?
True
Is 3 a factor of 3573?
True
Does 19 divide 77804?
False
Is 5964 a multiple of 28?
